{"id":190,"date":"2023-11-20T12:08:26","date_gmt":"2023-11-20T11:08:26","guid":{"rendered":"https:\/\/tauli.cat\/sabadellgentgran\/?page_id=190"},"modified":"2026-02-02T07:23:57","modified_gmt":"2026-02-02T06:23:57","slug":"club","status":"publish","type":"page","link":"https:\/\/tauli.cat\/sabadellgentgran\/club\/","title":{"rendered":"Club"},"content":{"rendered":"<section class=\"wpb-content-wrapper\"><p>[vc_row][vc_column][vc_tta_tabs active_section=\u00bb1&#8243; el_class=\u00bbgroup\u00bb][vc_tta_section title=\u00bbPresentaci\u00f3\u00bb tab_id=\u00bbpresentacio\u00bb][vc_row_inner css=\u00bb.vc_custom_1695369277347{background-color: #ffffff !important;}\u00bb][vc_column_inner css=\u00bb.vc_custom_1695371192662{margin-bottom: 4rem !important;}\u00bb]<div class=\"eut-element eut-image-text\" style=\"\"><div class=\"eut-image\"><img loading=\"lazy\" decoding=\"async\" width=\"1800\" height=\"1200\" src=\"https:\/\/tauli.cat\/sabadellgentgran\/wp-content\/uploads\/2023\/10\/3.jpg\" class=\"attachment-full size-full\" alt=\"\" srcset=\"https:\/\/tauli.cat\/sabadellgentgran\/wp-content\/uploads\/2023\/10\/3.jpg 1800w, https:\/\/tauli.cat\/sabadellgentgran\/wp-content\/uploads\/2023\/10\/3-300x200.jpg 300w, https:\/\/tauli.cat\/sabadellgentgran\/wp-content\/uploads\/2023\/10\/3-1024x683.jpg 1024w, https:\/\/tauli.cat\/sabadellgentgran\/wp-content\/uploads\/2023\/10\/3-768x512.jpg 768w, https:\/\/tauli.cat\/sabadellgentgran\/wp-content\/uploads\/2023\/10\/3-1536x1024.jpg 1536w\" sizes=\"(max-width: 1800px) 100vw, 1800px\" \/><\/div>  <div class=\"eut-content eut-align-left\">  <p>El Club \u00e9s un \u00e0mbit de trobada per fomentar les relacions socials i per compartir les activitats d&#8217;oci, amb la possibilitat d&#8217;utilitzar els serveis del centre, obert a tots els ciutadans.<\/p>\n<p>Objectius: Promoure la interrelaci\u00f3 de la gent gran en un \u00e0mbit on puguin desenvolupar iniciatives personals i col.lectives, tot facilitant tant la formaci\u00f3 com els coneixements que siguin del seu inter\u00e8s. Fomentar tert\u00falies. I simult\u00e0niament garantir el sentit obert del Centre, com un sistema de vida integrat a la societat.<\/p>\n<p>Destinataris: Persones grans amb autonomia per viure al seu domicili i que asisteixen al casal per desenvolupar activitats en grup.<\/p>  <\/div><\/div>[vc_column_text]En aquest centre s&#8217;ofereixen serveis di\u00fcrns (12 hores al dia, festius inclosos) d&#8217;assist\u00e8ncia integral a les activitats de la via di\u00e0ria per a les persones grans amb depend\u00e8ncies, oberts a tots els ciutadans.<\/p>\n<p><strong>Objectius:<\/strong>\u00a0Facilitar un entorn compensatori a la llar, adequat i adaptat a les necessitats d&#8217;assist\u00e8ncia. Afavorir la recuperaci\u00f3 i el manteniment del m\u00e0xim grau d&#8217;autonomia personal i social. Mantenir l&#8217;acceptaci\u00f3 de la persona amb discapacitats en el seu entorn sociofamiliar. Proporcionar suport a les fam\u00edlies que tenen cura de les persones grans.<\/p>\n<p><strong>Destinataris:<\/strong>\u00a0Persones grans amb un baix nivell de depend\u00e8ncia que necessitin organitzaci\u00f3, supervisi\u00f3 i assist\u00e8ncia en el desenvolupament de les activitats de la vida di\u00e0ria, i que veuen complementada la seva atenci\u00f3 en l&#8217;entorn sociofamiliar.[\/vc_column_text][\/vc_column_inner][\/vc_row_inner][\/vc_tta_section][vc_tta_section title=\u00bbTarifes\u00bb tab_id=\u00bbtarifes\u00bb][vc_row_inner][vc_column_inner width=\u00bb1\/3&#8243; css=\u00bb.vc_custom_1695287881633{margin-bottom: 2rem !important;}\u00bb][vc_column_text]<strong>Quota d&#8217;inscripci\u00f3:<\/strong> 14,21 \u20ac \/ persona<br \/>\n<strong>Mensualitat:<\/strong> 5,33 \u20ac \/ persona[\/vc_column_text][\/vc_column_inner][vc_column_inner width=\u00bb1\/3&#8243;][\/vc_column_inner][vc_column_inner width=\u00bb1\/3&#8243;][\/vc_column_inner][\/vc_row_inner]<h4 class=\"eut-element eut-align-left eut-title-no-line\" style=\"margin-bottom: 2rem;\"><span>Qu\u00e8 inclou?<\/span><\/h4>[vc_row_inner css=\u00bb.vc_custom_1700479787947{padding-bottom: 2rem !important;}\u00bb][vc_column_inner width=\u00bb1\/2&#8243;]<div class=\"eut-element eut-image eut-animated-item eut-fadeInDown club-img eut-align-left\" style=\"\" data-delay=\"200\"><img loading=\"lazy\" decoding=\"async\" width=\"1800\" height=\"1200\" src=\"https:\/\/tauli.cat\/sabadellgentgran\/wp-content\/uploads\/2023\/10\/5.jpg\" class=\"attachment-full size-full\" alt=\"\" srcset=\"https:\/\/tauli.cat\/sabadellgentgran\/wp-content\/uploads\/2023\/10\/5.jpg 1800w, https:\/\/tauli.cat\/sabadellgentgran\/wp-content\/uploads\/2023\/10\/5-300x200.jpg 300w, https:\/\/tauli.cat\/sabadellgentgran\/wp-content\/uploads\/2023\/10\/5-1024x683.jpg 1024w, https:\/\/tauli.cat\/sabadellgentgran\/wp-content\/uploads\/2023\/10\/5-768x512.jpg 768w, https:\/\/tauli.cat\/sabadellgentgran\/wp-content\/uploads\/2023\/10\/5-1536x1024.jpg 1536w\" sizes=\"(max-width: 1800px) 100vw, 1800px\" \/><\/div>[\/vc_column_inner][vc_column_inner width=\u00bb1\/2&#8243;]<div class=\"eut-element eut-list eut-list-check \" style=\"\"><ul>\n<li>\u00c0rea de jocs<\/li>\n<li>\u00c0rea de televisi\u00f3<\/li>\n<li>Biblioteca<\/li>\n<li>Sala de m\u00fasica<\/li>\n<li>Activitats culturals<\/li>\n<li>Acc\u00e9s a la resta de serveis complementaris del centre (perruqueria, gimn\u00e0s, sortides, tr\u00e0mits administratius, i altres)<\/li>\n<\/ul>\n<\/div>[\/vc_column_inner][\/vc_row_inner][vc_column_text](* Preus amb IVA incl\u00f2s. Dip\u00f2sit de 15 dies segons el servei contractat.)[\/vc_column_text][\/vc_tta_section][\/vc_tta_tabs][\/vc_column][\/vc_row]<\/p>\n<\/section>","protected":false},"excerpt":{"rendered":"<p>[vc_row][vc_column][vc_tta_tabs active_section=\u00bb1&#8243; el_class=\u00bbgroup\u00bb][vc_tta_section title=\u00bbPresentaci\u00f3\u00bb tab_id=\u00bbpresentacio\u00bb][vc_row_inner css=\u00bb.vc_custom_1695369277347{background-color: #ffffff !important;}\u00bb][vc_column_inner css=\u00bb.vc_custom_1695371192662{margin-bottom: 4rem !important;}\u00bb][vc_column_text]En aquest centre s&#8217;ofereixen serveis di\u00fcrns (12 hores al dia, festius inclosos) d&#8217;assist\u00e8ncia integral a les activitats de la via di\u00e0ria per a les persones grans amb depend\u00e8ncies, oberts a tots els ciutadans. Objectius:\u00a0Facilitar un entorn compensatori a la llar, adequat i adaptat a les [&hellip;]<\/p>\n","protected":false},"author":1,"featured_media":0,"parent":0,"menu_order":0,"comment_status":"closed","ping_status":"closed","template":"","meta":{"footnotes":""},"class_list":["post-190","page","type-page","status-publish","hentry"],"_links":{"self":[{"href":"https:\/\/tauli.cat\/sabadellgentgran\/wp-json\/wp\/v2\/pages\/190"}],"collection":[{"href":"https:\/\/tauli.cat\/sabadellgentgran\/wp-json\/wp\/v2\/pages"}],"about":[{"href":"https:\/\/tauli.cat\/sabadellgentgran\/wp-json\/wp\/v2\/types\/page"}],"author":[{"embeddable":true,"href":"https:\/\/tauli.cat\/sabadellgentgran\/wp-json\/wp\/v2\/users\/1"}],"replies":[{"embeddable":true,"href":"https:\/\/tauli.cat\/sabadellgentgran\/wp-json\/wp\/v2\/comments?post=190"}],"version-history":[{"count":21,"href":"https:\/\/tauli.cat\/sabadellgentgran\/wp-json\/wp\/v2\/pages\/190\/revisions"}],"predecessor-version":[{"id":438,"href":"https:\/\/tauli.cat\/sabadellgentgran\/wp-json\/wp\/v2\/pages\/190\/revisions\/438"}],"wp:attachment":[{"href":"https:\/\/tauli.cat\/sabadellgentgran\/wp-json\/wp\/v2\/media?parent=190"}],"curies":[{"name":"wp","href":"https:\/\/api.w.org\/{rel}","templated":true}]}}