{"id":51,"date":"2023-10-03T14:01:53","date_gmt":"2023-10-03T12:01:53","guid":{"rendered":"http:\/\/tauli.cat\/sabadellgentgran\/?page_id=51"},"modified":"2026-02-02T07:22:27","modified_gmt":"2026-02-02T06:22:27","slug":"apartaments","status":"publish","type":"page","link":"https:\/\/tauli.cat\/sabadellgentgran\/apartaments\/","title":{"rendered":"Apartaments"},"content":{"rendered":"<section class=\"wpb-content-wrapper\"><p>[vc_row][vc_column][vc_tta_tabs active_section=\u00bb1&#8243; el_class=\u00bbgroup\u00bb][vc_tta_section title=\u00bbPresentaci\u00f3\u00bb tab_id=\u00bbpresentacio\u00bb][vc_row_inner css=\u00bb.vc_custom_1695369277347{background-color: #ffffff !important;}\u00bb][vc_column_inner css=\u00bb.vc_custom_1695371192662{margin-bottom: 4rem !important;}\u00bb][vc_column_text]<\/p>\n<div class=\"articleCol1\">\n<p>Els apartaments de Sabadell Gent Gran estan dissenyats per a una o dues persones grans aut\u00f2nomes, que per les seves circumst\u00e0ncies sociofamiliars prefereixen viure en aquest tipus de llar. Tenen capacitat per a 52 places.<\/p>\n<p><strong>Objectius:<\/strong> Dotar a les persones grans d&#8217;un habitatge adaptat que aconsegueixi constituir-se en el domicili habitual dels usuaris, fet que afavoreix la m\u00e0xima independ\u00e8ncia personal. Facilitar la vida comunit\u00e0ria i la integraci\u00f3 social.<\/p>\n<p><strong>Destinataris:<\/strong> Tota persona gran, mentre sigui capa\u00e7 de participar en el manteniment i cura de la llar. Tamb\u00e9 el seu c\u00f2njuge o parella i persones que en depenguin, amb la condici\u00f3 legal de disminu\u00eft.<\/p>\n<\/div>\n<p>[\/vc_column_text]<h2 class=\"eut-element eut-align-left eut-title-line eut-animated-item eut-fadeInDown\" style=\"margin-bottom: 2rem;\" data-delay=\"200\"><span>Pl\u00e0nol de l'apartament<\/span><\/h2>[\/vc_column_inner][\/vc_row_inner][vc_row_inner css=\u00bb.vc_custom_1695372203374{padding-right: 2rem !important;padding-bottom: 8rem !important;padding-left: 2rem !important;}\u00bb][vc_column_inner width=\u00bb1\/4&#8243;][\/vc_column_inner][vc_column_inner width=\u00bb1\/2&#8243; mobile_width=\u00bb1&#8243;][vc_raw_html el_class=\u00bbmedia\u00bb]JTNDZGl2JTIwY2xhc3MlM0QlMjJjYXJkJTIwbWItMyUyMiUyMHN0eWxlJTNEJTIybWF4LXdpZHRoJTNBJTIwNTQwcHglM0IlMjIlM0UlMEElMjAlMjAlM0NkaXYlMjBjbGFzcyUzRCUyMnJvdyUyMGctMCUyMiUzRSUwQSUyMCUyMCUyMCUyMCUzQ2RpdiUyMGNsYXNzJTNEJTIyY29sLW1kLTQlMjBtZWRpYS1pbWclMjIlM0UlMEElM0NhJTIwY2xhc3MlM0QlMjJldXQtaW1hZ2UtcG9wdXAlMjIlMjBocmVmJTNEJTIyaHR0cCUzQSUyRiUyRnRhdWxpLmNhdCUyRnNhYmFkZWxsZ2VudGdyYW4lMkZ3cC1jb250ZW50JTJGdXBsb2FkcyUyRjIwMjMlMkYxMCUyRmFwYXJ0YW1lbnRQLmpwZyUyMiUzRSUwQSUyMCUyMCUzQ2ltZyUyMHNyYyUzRCUyMmh0dHAlM0ElMkYlMkZ0YXVsaS5jYXQlMkZzYWJhZGVsbGdlbnRncmFuJTJGd3AtY29udGVudCUyRnVwbG9hZHMlMkYyMDIzJTJGMTAlMkZhcGFydGFtZW50UC5qcGclMjIlMjBjbGFzcyUzRCUyMmltZy1mbHVpZCUyMHJvdW5kZWQtc3RhcnQlMjBpbWFnZSUyMiUyMGFsdCUzRCUyMnBsYW5vbCUyMGhhYml0YWNpbyUyMiUzRSUwQSUzQyUyRmElM0UlMEElMjAlMjAlMjAlMjAlMEElMjAlMjAlMjAlMjAlM0MlMkZkaXYlM0UlMEElMjAlMjAlMjAlMjAlM0NkaXYlMjBjbGFzcyUzRCUyMmNvbC1tZC04JTIyJTNFJTBBJTIwJTIwJTIwJTIwJTIwJTIwJTNDZGl2JTIwY2xhc3MlM0QlMjJjYXJkLWJvZHklMjIlM0UlMEElMjAlMjAlMjAlMjAlMjAlMjAlMjAlMjAlM0NoNSUyMGNsYXNzJTNEJTIyY2FyZC10aXRsZSUyMiUzRUFwYXJ0YW1lbnQlMjBzZW5jZXIlM0MlMkZoNSUzRSUwQSUyMCUyMCUyMCUyMCUyMCUyMCUyMCUyMCUzQ3AlMjBjbGFzcyUzRCUyMmNhcmQtdGV4dCUyMiUzRSUzQyUyRnAlM0UlMEElMjAlMjAlMjAlMjAlMjAlMjAlM0MlMkZkaXYlM0UlMEElMjAlMjAlMjAlMjAlM0MlMkZkaXYlM0UlMEElMjAlMjAlM0MlMkZkaXYlM0UlMEElM0MlMkZkaXYlM0U=[\/vc_raw_html][\/vc_column_inner][vc_column_inner width=\u00bb1\/4&#8243;][\/vc_column_inner][\/vc_row_inner][\/vc_tta_section][vc_tta_section title=\u00bbTarifes\u00bb tab_id=\u00bbtarifes\u00bb]<h3 class=\"eut-element eut-align-center eut-title-line\" style=\"margin-bottom: 2rem;\"><span>Tarifes d'apartaments<\/span><\/h3>[vc_row_inner][vc_column_inner width=\u00bb1\/3&#8243; css=\u00bb.vc_custom_1695287881633{margin-bottom: 2rem !important;}\u00bb]<div class=\"eut-element eut-pricing-table eut-animated-item eut-fadeInDown price-card\" style=\"margin-bottom: 2rem;\" data-delay=\"200\">  <div class=\"eut-pricing-header\">    <div class=\"eut-subtitle eut-pricing-title eut-bg-primary-1\">Apartament individual<\/div>    <h4 class=\"eut-price eut-bg-primary-1\">1.340,52 \u20ac <span>\/mes<\/span><\/h4>  <\/div>  <ul><li><strong>Allotjament totalment moblat <\/strong><\/li><li><strong> Teleservei. <\/strong><\/li><li><strong> Utilitzaci\u00f3 de totes les instal\u00b7lacions comuns del Centre. <\/strong><\/li><li><strong> Inclou les despeses de llum <\/strong><\/li><li><strong> aigua i calefacci\u00f3. <\/strong><\/li><li><strong> Servei de rentadora <\/strong><\/li><li><strong> assecadora i planxa a la seva disposici\u00f3. <\/strong><\/li><li><strong> Neteja trimestral a fons. <\/strong><\/li>  <\/ul><a class=\"eut-btn eut-btn-small eut-round eut-bg-primary-3 btn-card\" href=\"#\" target=\"_self\" style=\"\"><span>Qu\u00e8 inclou?<\/span><\/a><\/div>[\/vc_column_inner][vc_column_inner width=\u00bb1\/3&#8243; css=\u00bb.vc_custom_1695287890056{margin-bottom: 2rem !important;}\u00bb]<div class=\"eut-element eut-pricing-table eut-animated-item eut-fadeInDown price-card\" style=\"margin-bottom: 2rem;\" data-delay=\"200\">  <div class=\"eut-pricing-header\">    <div class=\"eut-subtitle eut-pricing-title eut-bg-primary-1\">Apartament doble<\/div>    <h4 class=\"eut-price eut-bg-primary-1\">804,29 \u20ac <span>\/mes<\/span><\/h4>  <\/div>  <ul><li><strong>Allotjament totalment moblat <\/strong><\/li><li><strong> Teleservei. <\/strong><\/li><li><strong> Utilitzaci\u00f3 de totes les instal\u00b7lacions comuns del Centre. <\/strong><\/li><li><strong> Inclou les despeses de llum <\/strong><\/li><li><strong> aigua i calefacci\u00f3. <\/strong><\/li><li><strong> Servei de rentadora <\/strong><\/li><li><strong> assecadora i planxa a la seva disposici\u00f3. <\/strong><\/li><li><strong> Neteja trimestral a fons. <\/strong><\/li>  <\/ul><a class=\"eut-btn eut-btn-small eut-round eut-bg-primary-3 btn-card\" href=\"#\" target=\"_self\" style=\"\"><span>Qu\u00e8 inclou?<\/span><\/a><\/div>[\/vc_column_inner][vc_column_inner width=\u00bb1\/3&#8243;]<div class=\"eut-element eut-pricing-table eut-animated-item eut-fadeInDown price-card\" style=\"margin-bottom: 2rem;\" data-delay=\"200\">  <div class=\"eut-pricing-header\">    <div class=\"eut-subtitle eut-pricing-title eut-bg-primary-1\">Apartament doble d'\u00fas individual<\/div>    <h4 class=\"eut-price eut-bg-primary-1\">1.608,62 \u20ac <span>\/mes<\/span><\/h4>  <\/div>  <ul><li><strong>Allotjament totalment moblat <\/strong><\/li><li><strong> Teleservei. <\/strong><\/li><li><strong> Utilitzaci\u00f3 de totes les instal\u00b7lacions comuns del Centre. <\/strong><\/li><li><strong> Inclou les despeses de llum <\/strong><\/li><li><strong> aigua i calefacci\u00f3. <\/strong><\/li><li><strong> Servei de rentadora <\/strong><\/li><li><strong> assecadora i planxa a la seva disposici\u00f3. <\/strong><\/li><li><strong> Neteja trimestral a fons. <\/strong><\/li>  <\/ul><a class=\"eut-btn eut-btn-small eut-round eut-bg-primary-3 btn-card\" href=\"#\" target=\"_self\" style=\"\"><span>Qu\u00e8 inclou?<\/span><\/a><\/div>[\/vc_column_inner][\/vc_row_inner][vc_column_text](* Preus amb IVA incl\u00f2s. Dip\u00f2sit de 15 dies segons el servei contractat.)[\/vc_column_text]<h3 class=\"eut-element eut-align-center eut-title-line\" style=\"margin-bottom: 2rem;\"><span>Serveis complementaris<\/span><\/h3>[vc_row_inner][vc_column_inner width=\u00bb1\/2&#8243;]<div class=\"eut-element eut-box-icon eut-align-left eut-small\" style=\"\">  <div class=\"eut-wrapper-icon eut-no-shape eut-color-grey\"><i class=\"fas fa-utensils eut-color-primary-1\"><\/i><\/div>  <div class=\"eut-box-content\">      <h3 class=\"eut-box-title\">M\u00f2dul de restauraci\u00f3<\/h3>  <\/div><\/div>[vc_raw_html]JTNDZGl2JTIwY2xhc3MlM0QlMjJjb2wtbWQtNCUyMiUzRSUyMCUyMCUwQSUzQ2RpdiUyMGNsYXNzJTNEJTIyY2FyZCUyMHNoYWRvdyUyMG1iLTQlMjIlM0UlMEElMjAlMjAlMjAlMjAlMjAlMjAlMjAlMjAlMjAlMjAlMjAlMjAlMjAlMjAlMjAlMjAlM0NkaXYlMjBjbGFzcyUzRCUyMmNhcmQtYm9keSUyMGxpc3QlMjBwLTUlMjIlM0UlMEElMjAlMjAlMjAlMjAlMjAlMjAlMjAlMjAlMjAlMjAlMjAlMjAlMjAlMjAlMjAlMjAlMjAlMjAlMEElMjAlMjAlMjAlMjAlMjAlMjAlMjAlMjAlMjAlMjAlMjAlMjAlMjAlMjAlMjAlMjAlMjAlMjAlMjAlMjAlM0MlMjEtLSUyMExpc3QlMjB3aXRoJTIwYnVsbGV0cyUyMC0tJTNFJTBBJTIwJTIwJTIwJTIwJTIwJTIwJTIwJTIwJTIwJTIwJTIwJTIwJTIwJTIwJTIwJTIwJTIwJTIwJTIwJTIwJTNDdWwlMjBjbGFzcyUzRCUyMmxpc3QtYnVsbGV0cyUyMiUzRSUwQSUyMCUyMCUyMCUyMCUyMCUyMCUyMCUyMCUyMCUyMCUyMCUyMCUyMCUyMCUyMCUyMCUyMCUyMCUyMCUyMCUyMCUyMCUyMCUyMCUzQ2xpJTIwY2xhc3MlM0QlMjJtYi0yJTIyJTNFRXNtb3J6YXIlMkMlMjBkaW5hciUyMGklMjBzb3BhciUzQSUyNm5ic3AlM0IlMjAlMjAlM0NzdHJvbmclM0UlMjA0OTUlMkM3NyUyMCVFMiU4MiVBQyUyMCUyMGFsJTIwbWVzJTIwJTJGJTIwcGVyc29uYS4lM0MlMkZzdHJvbmclM0UlMEElM0MlMkZsaSUzRSUwQSUyMCUyMCUyMCUyMCUyMCUyMCUyMCUyMCUyMCUyMCUyMCUyMCUyMCUyMCUyMCUyMCUyMCUyMCUyMCUyMCUyMCUyMCUyMCUyMCUzQ2xpJTIwY2xhc3MlM0QlMjJtYi0yJTIyJTNFRGluYXIlMjBpJTIwc29wYXIlM0ElMjZuYnNwJTNCJTIwJTIwJTNDc3Ryb25nJTNFJTIwNDQyJTJDNzMlMjAlRTIlODIlQUMlMjAlMjBhbCUyMG1lcyUyMCUyRiUyMHBlcnNvbmEuJTNDJTJGc3Ryb25nJTNFJTNDJTJGbGklM0UlMEElMjAlMjAlMjAlMjAlMjAlMjAlMjAlMjAlMjAlMjAlMjAlMjAlMjAlMjAlMjAlMjAlMjAlMjAlMjAlMjAlMjAlMjAlMjAlMjAlM0NsaSUyMGNsYXNzJTNEJTIybWItMiUyMiUzRURpbmFyJTIwMCUyMHNvcGFyJTNBJTI2bmJzcCUzQiUyMCUyMCUzQ3N0cm9uZyUzRSUyMDIzNCUyQzU1JTIwJUUyJTgyJUFDJTIwJTIwYWwlMjBtZXMlMjAlMkYlMjBwZXJzb25hLiUzQyUyRnN0cm9uZyUzRSUzQyUyRmxpJTNFJTBBJTIwJTIwJTIwJTIwJTIwJTIwJTIwJTIwJTIwJTIwJTIwJTIwJTIwJTIwJTIwJTIwJTIwJTIwJTIwJTIwJTIwJTIwJTIwJTIwJTNDbGklMjBjbGFzcyUzRCUyMm1iLTIlMjIlM0VFc21vcnphciUyQyUyMGRpbmFyJTIwMCUyMHNvcGFyJTNBJTI2bmJzcCUzQiUyMCUyMCUzQ3N0cm9uZyUzRSUyMDI4NyUyQzM1JTIwJUUyJTgyJUFDJTIwJTIwYWwlMjBtZXMlMjAlMkYlMjBwZXJzb25hLiUyMCUzQyUyRnN0cm9uZyUzRSUyMCUzQyUyRmxpJTNFJTBBJTIwJTIwJTIwJTIwJTIwJTIwJTIwJTIwJTIwJTIwJTIwJTIwJTIwJTIwJTIwJTIwJTIwJTIwJTIwJTIwJTIwJTIwJTIwJTBBJTIwJTIwJTIwJTIwJTIwJTIwJTIwJTIwJTIwJTIwJTIwJTIwJTIwJTIwJTIwJTIwJTIwJTIwJTIwJTIwJTNDJTJGdWwlM0UlMEElMjAlMjAlMjAlMjAlMjAlMjAlMjAlMjAlMjAlMjAlMjAlMjAlMjAlMjAlMjAlMjAlM0MlMkZkaXYlM0UlMEElMjAlMjAlMjAlMjAlMjAlMjAlMjAlMjAlMjAlMjAlMjAlMjAlM0MlMkZkaXYlM0UlMEElMjAlMjAlMjAlMjAlMjAlMjAlMjAlMjAlMjAlMjAlMjAlMjAlM0MlMkZkaXYlM0U=[\/vc_raw_html][\/vc_column_inner][vc_column_inner width=\u00bb1\/2&#8243;]<div class=\"eut-element eut-box-icon eut-align-left eut-small\" style=\"\">  <div class=\"eut-wrapper-icon eut-no-shape eut-color-grey\"><i class=\"fas fa-tint eut-color-blue\"><\/i><\/div>  <div class=\"eut-box-content\">      <h3 class=\"eut-box-title\">M\u00f2dul neteja i bugaderia<\/h3>  <\/div><\/div>[vc_raw_html]JTIwJTIwJTNDZGl2JTIwY2xhc3MlM0QlMjJjYXJkJTIwc2hhZG93JTIwbWItNCUyMiUzRSUwQSUyMCUyMCUyMCUyMCUyMCUyMCUyMCUyMCUyMCUyMCUyMCUyMCUyMCUyMCUyMCUyMCUzQ2RpdiUyMGNsYXNzJTNEJTIyY2FyZC1ib2R5JTIwbGlzdCUyMHAtNSUyMiUzRSUwQSUyMCUyMCUyMCUyMCUyMCUyMCUyMCUyMCUyMCUyMCUyMCUyMCUyMCUyMCUyMCUyMCUyMCUyMCUyMCUwQSUyMCUyMCUyMCUyMCUyMCUyMCUyMCUyMCUyMCUyMCUyMCUyMCUyMCUyMCUyMCUyMCUyMCUyMCUyMCUyMCUzQyUyMS0tJTIwTGlzdCUyMHdpdGglMjBidWxsZXRzJTIwLS0lM0UlMEElMjAlMjAlMjAlMjAlMjAlMjAlMjAlMjAlMjAlMjAlMjAlMjAlMjAlMjAlMjAlMjAlMjAlMjAlMjAlMjAlM0N1bCUyMGNsYXNzJTNEJTIybGlzdC1idWxsZXRzJTIyJTNFJTBBJTIwJTIwJTIwJTIwJTIwJTIwJTIwJTIwJTIwJTIwJTIwJTIwJTIwJTIwJTIwJTIwJTIwJTIwJTIwJTIwJTIwJTIwJTIwJTIwJTNDbGklMjBjbGFzcyUzRCUyMm1iLTIlMjIlM0VEb3MlMjBkaWFzJTJGc2V0bWFuYSUzQSUyNm5ic3AlM0IlMjAlMjAlM0NzdHJvbmclM0UlMjA0OTklMkM0MyUyMCVFMiU4MiVBQyUyMGFwYXJ0YW1lbnQlMkZtZXMuJTNDJTJGc3Ryb25nJTNFJTBBJTNDJTJGbGklM0UlMEElMjAlMjAlMjAlMjAlMjAlMjAlMjAlMjAlMjAlMjAlMjAlMjAlMjAlMjAlMjAlMjAlMjAlMjAlMjAlMjAlMjAlMjAlMjAlMjAlM0NsaSUyMGNsYXNzJTNEJTIybWItMiUyMiUzRVVuZGlhcyUyRnNldG1hbmElM0ElMjZuYnNwJTNCJTIwJTIwJTNDc3Ryb25nJTNFJTIwMjQ5JTJDNzAlMjAlRTIlODIlQUMlMjBhcGFydGFtZW50JTJGbWVzLiUzQyUyRnN0cm9uZyUzRSUzQyUyRmxpJTNFJTBBJTIwJTIwJTIwJTIwJTIwJTIwJTIwJTIwJTIwJTIwJTIwJTIwJTIwJTIwJTIwJTIwJTIwJTIwJTIwJTIwJTIwJTIwJTIwJTIwJTNDbGklMjBjbGFzcyUzRCUyMm1iLTIlMjIlM0VOZXRlamElMjBxdWluemVuYWwlM0ElMjZuYnNwJTNCJTIwJTIwJTNDc3Ryb25nJTNFJTIwMTI0JTJDODMlMjAlRTIlODIlQUMlMjBhcGFydGFtZW50JTJGbWVzLiUzQyUyRnN0cm9uZyUzRSUzQyUyRmxpJTNFJTBBJTIwJTIwJTIwJTIwJTIwJTIwJTIwJTIwJTIwJTIwJTIwJTIwJTIwJTIwJTIwJTIwJTIwJTIwJTIwJTIwJTIwJTIwJTIwJTIwJTBBJTIwJTIwJTIwJTIwJTIwJTIwJTIwJTIwJTIwJTIwJTIwJTIwJTIwJTIwJTIwJTIwJTIwJTIwJTIwJTIwJTNDJTJGdWwlM0UlMEElMjAlMjAlMjAlMjAlMjAlMjAlMjAlMjAlMjAlMjAlMjAlMjAlMjAlMjAlMjAlMjAlM0MlMkZkaXYlM0UlMEElMjAlMjAlMjAlMjAlMjAlMjAlMjAlMjAlMjAlMjAlMjAlMjAlM0MlMkZkaXYlM0U=[\/vc_raw_html][\/vc_column_inner][\/vc_row_inner][vc_row_inner][vc_column_inner width=\u00bb1\/2&#8243;]<div class=\"eut-element eut-box-icon eut-align-left eut-small\" style=\"\">  <div class=\"eut-wrapper-icon eut-no-shape eut-color-grey\"><i class=\"fas fa-hands eut-color-green\"><\/i><\/div>  <div class=\"eut-box-content\">      <h3 class=\"eut-box-title\">M\u00f2dul assistencial<\/h3>  <\/div><\/div>[vc_raw_html]JTNDZGl2JTIwY2xhc3MlM0QlMjJjb2wtbWQtNCUyMiUzRSUyMCUyMCUwQSUzQ2RpdiUyMGNsYXNzJTNEJTIyY2FyZCUyMHNoYWRvdyUyMG1iLTQlMjIlM0UlMEElMjAlMjAlMjAlMjAlMjAlMjAlMjAlMjAlMjAlMjAlMjAlMjAlMjAlMjAlMjAlMjAlM0NkaXYlMjBjbGFzcyUzRCUyMmNhcmQtYm9keSUyMGxpc3QlMjBwLTUlMjIlM0UlMEElMjAlMjAlMjAlMjAlMjAlMjAlMjAlMjAlMjAlMjAlMjAlMjAlMjAlMjAlMjAlMjAlMjAlMjAlMEElMjAlMjAlMjAlMjAlMjAlMjAlMjAlMjAlMjAlMjAlMjAlMjAlMjAlMjAlMjAlMjAlMjAlMjAlMjAlMjAlM0MlMjEtLSUyMExpc3QlMjB3aXRoJTIwYnVsbGV0cyUyMC0tJTNFJTBBJTIwJTIwJTIwJTIwJTIwJTIwJTIwJTIwJTIwJTIwJTIwJTIwJTIwJTIwJTIwJTIwJTIwJTIwJTIwJTIwJTNDdWwlMjBjbGFzcyUzRCUyMmxpc3QtYnVsbGV0cyUyMiUzRSUwQSUyMCUyMCUyMCUyMCUyMCUyMCUyMCUyMCUyMCUyMCUyMCUyMCUyMCUyMCUyMCUyMCUyMCUyMCUyMCUyMCUyMCUyMCUyMCUyMCUzQ2xpJTIwY2xhc3MlM0QlMjJtYi0yJTIyJTNFJTNDc3Ryb25nJTNFNTIlMkM3NCUyMCVFMiU4MiVBQyUyMCUyRiUyMHBlcnNvbmElMjAlMkYlMjBtZXMlM0MlMkZzdHJvbmclM0UlMEElM0MlMkZsaSUzRSUwQSUyMCUyMCUyMCUyMCUyMCUyMCUyMCUyMCUyMCUyMCUyMCUyMCUyMCUyMCUyMCUyMCUyMCUyMCUyMCUyMCUyMCUyMCUwQSUyMCUyMCUyMCUyMCUyMCUyMCUyMCUyMCUyMCUyMCUyMCUyMCUyMCUyMCUyMCUyMCUyMCUyMCUyMCUyMCUzQyUyRnVsJTNFJTBBJTIwJTIwJTIwJTIwJTIwJTIwJTIwJTIwJTIwJTIwJTIwJTIwJTIwJTIwJTIwJTIwJTNDJTJGZGl2JTNFJTBBJTIwJTIwJTIwJTIwJTIwJTIwJTIwJTIwJTIwJTIwJTIwJTIwJTNDJTJGZGl2JTNFJTBBJTIwJTIwJTIwJTIwJTIwJTIwJTIwJTIwJTIwJTIwJTIwJTIwJTNDJTJGZGl2JTNF[\/vc_raw_html][\/vc_column_inner][vc_column_inner width=\u00bb1\/2&#8243;]<div class=\"eut-element eut-box-icon eut-align-left eut-small\" style=\"\">  <div class=\"eut-wrapper-icon eut-no-shape eut-color-grey\"><i class=\"fas fa-bell eut-color-orange\"><\/i><\/div>  <div class=\"eut-box-content\">      <h3 class=\"eut-box-title\">Servei Avisador Emerg\u00e8ncia<\/h3>  <\/div><\/div>[vc_raw_html]JTNDZGl2JTIwY2xhc3MlM0QlMjJjb2wtbWQtNCUyMiUzRSUyMCUyMCUwQSUzQ2RpdiUyMGNsYXNzJTNEJTIyY2FyZCUyMHNoYWRvdyUyMG1iLTQlMjIlM0UlMEElMjAlMjAlMjAlMjAlMjAlMjAlMjAlMjAlMjAlMjAlMjAlMjAlMjAlMjAlMjAlMjAlM0NkaXYlMjBjbGFzcyUzRCUyMmNhcmQtYm9keSUyMGxpc3QlMjBwLTUlMjIlM0UlMEElMjAlMjAlMjAlMjAlMjAlMjAlMjAlMjAlMjAlMjAlMjAlMjAlMjAlMjAlMjAlMjAlMjAlMjAlMEElMjAlMjAlMjAlMjAlMjAlMjAlMjAlMjAlMjAlMjAlMjAlMjAlMjAlMjAlMjAlMjAlMjAlMjAlMjAlMjAlM0MlMjEtLSUyMExpc3QlMjB3aXRoJTIwYnVsbGV0cyUyMC0tJTNFJTBBJTIwJTIwJTIwJTIwJTIwJTIwJTIwJTIwJTIwJTIwJTIwJTIwJTIwJTIwJTIwJTIwJTIwJTIwJTIwJTIwJTNDdWwlMjBjbGFzcyUzRCUyMmxpc3QtYnVsbGV0cyUyMiUzRSUwQSUyMCUyMCUyMCUyMCUyMCUyMCUyMCUyMCUyMCUyMCUyMCUyMCUyMCUyMCUyMCUyMCUyMCUyMCUyMCUyMCUyMCUyMCUyMCUyMCUzQ2xpJTIwY2xhc3MlM0QlMjJtYi0yJTIyJTNFJTNDc3Ryb25nJTNFNyUyQzQwJTIwJUUyJTgyJUFDJTIwJTJGJTIwcGVyc29uYSUyMCUyRiUyMG1lcyUzQyUyRnN0cm9uZyUzRSUwQSUzQyUyRmxpJTNFJTBBJTIwJTIwJTIwJTIwJTIwJTIwJTIwJTIwJTIwJTIwJTIwJTIwJTIwJTIwJTIwJTIwJTIwJTIwJTIwJTIwJTIwJTIwJTBBJTIwJTIwJTIwJTIwJTIwJTIwJTIwJTIwJTIwJTIwJTIwJTIwJTIwJTIwJTIwJTIwJTIwJTIwJTIwJTIwJTNDJTJGdWwlM0UlMEElMjAlMjAlMjAlMjAlMjAlMjAlMjAlMjAlMjAlMjAlMjAlMjAlMjAlMjAlMjAlMjAlM0MlMkZkaXYlM0UlMEElMjAlMjAlMjAlMjAlMjAlMjAlMjAlMjAlMjAlMjAlMjAlMjAlM0MlMkZkaXYlM0UlMEElMjAlMjAlMjAlMjAlMjAlMjAlMjAlMjAlMjAlMjAlMjAlMjAlM0MlMkZkaXYlM0U=[\/vc_raw_html][\/vc_column_inner][\/vc_row_inner][vc_row_inner][vc_column_inner width=\u00bb1\/2&#8243;]<div class=\"eut-element eut-box-icon eut-align-left eut-small\" style=\"\">  <div class=\"eut-wrapper-icon eut-no-shape eut-color-grey\"><i class=\"fas fa-stethoscope eut-color-grey\"><\/i><\/div>  <div class=\"eut-box-content\">      <h3 class=\"eut-box-title\">Atenci\u00f3 domicili\u00e0ria<\/h3>  <\/div><\/div>[vc_raw_html]JTIwJTIwJTNDZGl2JTIwY2xhc3MlM0QlMjJjYXJkJTIwc2hhZG93JTIwbWItNCUyMiUzRSUwQSUyMCUyMCUyMCUyMCUyMCUyMCUyMCUyMCUyMCUyMCUyMCUyMCUyMCUyMCUyMCUyMCUzQ2RpdiUyMGNsYXNzJTNEJTIyY2FyZC1ib2R5JTIwbGlzdCUyMHAtNSUyMiUzRSUwQSUyMCUyMCUyMCUyMCUyMCUyMCUyMCUyMCUyMCUyMCUyMCUyMCUyMCUyMCUyMCUyMCUyMCUyMCUyMCUwQSUyMCUyMCUyMCUyMCUyMCUyMCUyMCUyMCUyMCUyMCUyMCUyMCUyMCUyMCUyMCUyMCUyMCUyMCUyMCUyMCUzQyUyMS0tJTIwTGlzdCUyMHdpdGglMjBidWxsZXRzJTIwLS0lM0UlMEElMjAlMjAlMjAlMjAlMjAlMjAlMjAlMjAlMjAlMjAlMjAlMjAlMjAlMjAlMjAlMjAlMjAlMjAlMjAlMjAlM0N1bCUyMGNsYXNzJTNEJTIybGlzdC1idWxsZXRzJTIyJTNFJTBBJTIwJTIwJTIwJTIwJTIwJTIwJTIwJTIwJTIwJTIwJTIwJTIwJTIwJTIwJTIwJTIwJTIwJTIwJTIwJTIwJTIwJTIwJTIwJTIwJTNDbGklMjBjbGFzcyUzRCUyMm1iLTIlMjIlM0VEaWElMjBsYWJvcmFibGUlM0ElMjZuYnNwJTNCJTNDc3Ryb25nJTNFJTIwMTglMkM2MSVFMiU4MiVBQyUyMCUyRiUyMGhvcmElM0MlMkZzdHJvbmclM0UlM0MlMkZsaSUzRSUwQSUyMCUyMCUyMCUyMCUyMCUyMCUyMCUyMCUyMCUyMCUyMCUyMCUyMCUyMCUyMCUyMCUyMCUyMCUyMCUyMCUyMCUyMCUyMCUyMCUzQ2xpJTIwY2xhc3MlM0QlMjJtYi0yJTIyJTNFRGlhJTIwZmVzdGl1JTIwbyUyMG5vY3R1cm4lM0ElMjZuYnNwJTNCJTIwJTNDc3Ryb25nJTNFJTIwMjMlMkMyMiUyMCVFMiU4MiVBQyUyMCUyRiUyMGhvcmElM0MlMkZzdHJvbmclM0UlM0MlMkZsaSUzRSUwQSUyMCUyMCUyMCUyMCUyMCUyMCUyMCUyMCUyMCUyMCUyMCUyMCUyMCUyMCUyMCUyMCUyMCUyMCUyMCUyMCUzQyUyRnVsJTNFJTBBJTIwJTIwJTIwJTIwJTIwJTIwJTIwJTIwJTIwJTIwJTIwJTIwJTIwJTIwJTIwJTIwJTNDJTJGZGl2JTNFJTBBJTIwJTIwJTIwJTIwJTIwJTIwJTIwJTIwJTIwJTIwJTIwJTIwJTNDJTJGZGl2JTNF[\/vc_raw_html][\/vc_column_inner][vc_column_inner width=\u00bb1\/2&#8243;][\/vc_column_inner][\/vc_row_inner][\/vc_tta_section][vc_tta_section title=\u00bbGaleria\u00bb tab_id=\u00bbgaleria\u00bb][vc_row_inner][vc_column_inner]<h3 class=\"eut-element eut-align-left eut-title-line eut-animated-item eut-fadeInDown\" style=\"\" data-delay=\"200\"><span>Galeria d'imatges<\/span><\/h3><div class=\"eut-element eut-gallery eut-isotope eut-gallery-popup eut-with-gap\" style=\"\" data-columns=\"4\" data-columns-tablet-landscape=\"2\" data-columns-tablet-portrait=\"2\" data-columns-mobile=\"1\" data-layout=\"fitRows\">  <div class=\"eut-isotope-container\"><div class=\"eut-isotope-item \"><a href=\"https:\/\/tauli.cat\/sabadellgentgran\/wp-content\/uploads\/2024\/02\/IMG_8382.jpg\">    <figure class=\"eut-image-hover eut-zoom-in\">      <div class=\"eut-media eut-light-overlay eut-opacity-90\"><img loading=\"lazy\" decoding=\"async\" width=\"600\" height=\"600\" src=\"https:\/\/tauli.cat\/sabadellgentgran\/wp-content\/uploads\/2024\/02\/IMG_8382-600x600.jpg\" class=\"attachment-eut-image-small-square size-eut-image-small-square\" alt=\"\" srcset=\"https:\/\/tauli.cat\/sabadellgentgran\/wp-content\/uploads\/2024\/02\/IMG_8382-600x600.jpg 600w, https:\/\/tauli.cat\/sabadellgentgran\/wp-content\/uploads\/2024\/02\/IMG_8382-150x150.jpg 150w, https:\/\/tauli.cat\/sabadellgentgran\/wp-content\/uploads\/2024\/02\/IMG_8382-1120x1120.jpg 1120w\" sizes=\"(max-width: 600px) 100vw, 600px\" \/>      <\/div>      <figcaption>      <\/figcaption>    <\/figure><\/a><\/div><div class=\"eut-isotope-item \"><a href=\"https:\/\/tauli.cat\/sabadellgentgran\/wp-content\/uploads\/2024\/03\/15.jpg\">    <figure class=\"eut-image-hover eut-zoom-in\">      <div class=\"eut-media eut-light-overlay eut-opacity-90\"><img loading=\"lazy\" decoding=\"async\" width=\"600\" height=\"600\" src=\"https:\/\/tauli.cat\/sabadellgentgran\/wp-content\/uploads\/2024\/03\/15-600x600.jpg\" class=\"attachment-eut-image-small-square size-eut-image-small-square\" alt=\"\" srcset=\"https:\/\/tauli.cat\/sabadellgentgran\/wp-content\/uploads\/2024\/03\/15-600x600.jpg 600w, https:\/\/tauli.cat\/sabadellgentgran\/wp-content\/uploads\/2024\/03\/15-150x150.jpg 150w\" sizes=\"(max-width: 600px) 100vw, 600px\" \/>      <\/div>      <figcaption>      <\/figcaption>    <\/figure><\/a><\/div><div class=\"eut-isotope-item \"><a href=\"https:\/\/tauli.cat\/sabadellgentgran\/wp-content\/uploads\/2024\/02\/IMG_8327.jpg\">    <figure class=\"eut-image-hover eut-zoom-in\">      <div class=\"eut-media eut-light-overlay eut-opacity-90\"><img loading=\"lazy\" decoding=\"async\" width=\"600\" height=\"600\" src=\"https:\/\/tauli.cat\/sabadellgentgran\/wp-content\/uploads\/2024\/02\/IMG_8327-600x600.jpg\" class=\"attachment-eut-image-small-square size-eut-image-small-square\" alt=\"\" srcset=\"https:\/\/tauli.cat\/sabadellgentgran\/wp-content\/uploads\/2024\/02\/IMG_8327-600x600.jpg 600w, https:\/\/tauli.cat\/sabadellgentgran\/wp-content\/uploads\/2024\/02\/IMG_8327-150x150.jpg 150w, https:\/\/tauli.cat\/sabadellgentgran\/wp-content\/uploads\/2024\/02\/IMG_8327-1120x1120.jpg 1120w\" sizes=\"(max-width: 600px) 100vw, 600px\" \/>      <\/div>      <figcaption>      <\/figcaption>    <\/figure><\/a><\/div><div class=\"eut-isotope-item \"><a href=\"https:\/\/tauli.cat\/sabadellgentgran\/wp-content\/uploads\/2024\/03\/13.jpg\">    <figure class=\"eut-image-hover eut-zoom-in\">      <div class=\"eut-media eut-light-overlay eut-opacity-90\"><img loading=\"lazy\" decoding=\"async\" width=\"600\" height=\"600\" src=\"https:\/\/tauli.cat\/sabadellgentgran\/wp-content\/uploads\/2024\/03\/13-600x600.jpg\" class=\"attachment-eut-image-small-square size-eut-image-small-square\" alt=\"\" srcset=\"https:\/\/tauli.cat\/sabadellgentgran\/wp-content\/uploads\/2024\/03\/13-600x600.jpg 600w, https:\/\/tauli.cat\/sabadellgentgran\/wp-content\/uploads\/2024\/03\/13-150x150.jpg 150w\" sizes=\"(max-width: 600px) 100vw, 600px\" \/>      <\/div>      <figcaption>      <\/figcaption>    <\/figure><\/a><\/div>  <\/div><\/div>[\/vc_column_inner][\/vc_row_inner][\/vc_tta_section][vc_tta_section title=\u00bbReglament del r\u00e8gim intern\u00bb tab_id=\u00bb1695283653420-2aa89670-7350e569-75d6&#8243;][vc_row_inner][vc_column_inner][vc_raw_html]JTNDZGl2JTIwY2xhc3MlM0QlMjJpdGVtLWJveCUyMiUzRSUwQSUyMCUyMCUzQ2J1dHRvbiUyMGNsYXNzJTNEJTIyZ2V0LWZpbGUlMjIlM0UlMEElMjAlMjAlM0NzcGFuJTIwY2xhc3MlM0QlMjJjaXJjbGUlMjIlMjBhcmlhLWhpZGRlbiUzRCUyMnRydWUlMjIlM0UlMEElMjAlMjAlM0NzcGFuJTIwY2xhc3MlM0QlMjJpY29uJTIwYXJyb3clMjIlM0UlM0MlMkZzcGFuJTNFJTBBJTIwJTIwJTNDJTJGc3BhbiUzRSUwQSUyMCUyMCUzQ2ElMjBjbGFzcyUzRCUyMmJ1dHRvbi10ZXh0JTIyJTIwaHJlZiUzRCUyMmh0dHBzJTNBJTJGJTJGdGF1bGkuY2F0JTJGc2FiYWRlbGxnZW50Z3JhbiUyRndwLWNvbnRlbnQlMkZ1cGxvYWRzJTJGMjAyNCUyRjExJTJGUlJJLUFQQVJUQU1FTlRTLnBkZiUyMiUyMHRhcmdldCUzRCUyMl9ibGFuayUyMiUzRURlc2NhcnJlZ2ElMjBlbCUyMGRvY3VtZW50JTNDJTJGYSUzRSUwQSUzQyUyRmJ1dHRvbiUzRSUwQSUwQSUwQSUzQyUyRmRpdiUzRSUwQSUwQQ==[\/vc_raw_html][\/vc_column_inner][\/vc_row_inner][\/vc_tta_section][\/vc_tta_tabs][\/vc_column][\/vc_row]<\/p>\n<\/section>","protected":false},"excerpt":{"rendered":"<p>[vc_row][vc_column][vc_tta_tabs active_section=\u00bb1&#8243; el_class=\u00bbgroup\u00bb][vc_tta_section title=\u00bbPresentaci\u00f3\u00bb tab_id=\u00bbpresentacio\u00bb][vc_row_inner css=\u00bb.vc_custom_1695369277347{background-color: #ffffff !important;}\u00bb][vc_column_inner css=\u00bb.vc_custom_1695371192662{margin-bottom: 4rem !important;}\u00bb][vc_column_text] Els apartaments de Sabadell Gent Gran estan dissenyats per a una o dues persones grans aut\u00f2nomes, que per les seves circumst\u00e0ncies sociofamiliars prefereixen viure en aquest tipus de llar. Tenen capacitat per a 52 places. Objectius: Dotar a les persones grans d&#8217;un habitatge adaptat [&hellip;]<\/p>\n","protected":false},"author":1,"featured_media":0,"parent":0,"menu_order":0,"comment_status":"closed","ping_status":"closed","template":"","meta":{"footnotes":""},"class_list":["post-51","page","type-page","status-publish","hentry"],"_links":{"self":[{"href":"https:\/\/tauli.cat\/sabadellgentgran\/wp-json\/wp\/v2\/pages\/51"}],"collection":[{"href":"https:\/\/tauli.cat\/sabadellgentgran\/wp-json\/wp\/v2\/pages"}],"about":[{"href":"https:\/\/tauli.cat\/sabadellgentgran\/wp-json\/wp\/v2\/types\/page"}],"author":[{"embeddable":true,"href":"https:\/\/tauli.cat\/sabadellgentgran\/wp-json\/wp\/v2\/users\/1"}],"replies":[{"embeddable":true,"href":"https:\/\/tauli.cat\/sabadellgentgran\/wp-json\/wp\/v2\/comments?post=51"}],"version-history":[{"count":43,"href":"https:\/\/tauli.cat\/sabadellgentgran\/wp-json\/wp\/v2\/pages\/51\/revisions"}],"predecessor-version":[{"id":437,"href":"https:\/\/tauli.cat\/sabadellgentgran\/wp-json\/wp\/v2\/pages\/51\/revisions\/437"}],"wp:attachment":[{"href":"https:\/\/tauli.cat\/sabadellgentgran\/wp-json\/wp\/v2\/media?parent=51"}],"curies":[{"name":"wp","href":"https:\/\/api.w.org\/{rel}","templated":true}]}}